5/m)*-2?
5
Let g(k) = -2*k**3 - k**2 - 6*k - 4. Let h be g(-1). Suppose 2*d = 2*w + h*d - 1048, -2*d = w - 521. What is the tens digit of w?
2
Let i = 187 + 9. Let w = i - 82. What is the tens digit of w?
1
Let w(z) = -40*z**2 + 4*z - 3. Let y be w(1). Let a = 59 + y. What is the tens digit of -12 + a + 2 + 1?
1
Let h(o) be the first derivative of 191*o**3 + 11*o**2 + 21*o - 107. What is the tens digit of h(-1)?
7
Let o be (3/9)/(3/72). Suppose -3*a + o*a = 25. What is the tens digit of -1 + a - (-65 - 20)?
8
Let r(w) = w - 3. Let y be 2/((-3)/5 - 6/(-6)). Let m be r(y). Let l(z) = 26*z**2 - z + 1. What is the hundreds digit of l(m)?
1
Suppose -2*r - t + 71570 = 0, 30*r + 178985 = 35*r - 5*t. What is the tens digit of r?
8
Let q = 32 - 36. What is the tens digit of (6/q)/((-11)/3014)?
1
Suppose -228*t - 85743 = -243*t + 152922. What is the units digit of t?
1
Let d be 1095/(-292)*12/(-10)*4/(-3). Let u(c) = -30*c**2 + 2*c + 2. Let h be u(-2). Let p = d - h. What is the units digit of p?
6
Suppose -4*h = -13 - 27. What is the hundreds digit of ((-1192)/h)/(16/(-40)) + 1?
2
Let j(s) = s**2 + 7*s + 10. Let o be j(-5). Suppose o = -29*k + 28*k + 52. Suppose 5*a - k = -17. What is the units digit of a?
7
What is the ten thousands digit of (1172/3)/(((-2)/(-54))/((-342)/(-108)))?
3
Let b(k) = k**3 - 23*k**2 + 6*k - 1395. What is the hundreds digit of b(31)?
4
Suppose 0 = -33*m - 59577 + 192798. What is the thousands digit of m?
4
Suppose -h + 6 = h + u, 5*u - 21 = -h. What is the units digit of 0 + (-1)/((-183)/(-186) - h)?
2
Let r be ((-72)/27 + 2*1)*6. Let x be (-54)/18*6/r*-826. What is the tens digit of x/(-51) + 4/34?
7
Suppose 29 - 8 = 7*a. What is the units digit of 5 + (a - 43)*48/(-6)?
5
Let o(c) = -c**3 - 17*c**2 - 5*c - 84. Let q be o(-17). What is the units digit of 308 - (q - -5 - 5)?
7
Suppose 2*m + 9198 = 2*o, 35*m = 38*m + 6. What is the units digit of o?
7
Suppose 24*n = 22*n + 14. Suppose -47 = -n*y + 72. What is the tens digit of y?
1
Suppose 3*i = 4*o - 3*o - 8, 3*o - 10 = -5*i. Let r(y) = y**3 + 7*y**2 - y - 8. What is the hundreds digit of r(o)?
2
Let p(q) = -q**2 + 21*q + 18. Let s(m) = m**2 - 1. Let g(c) = 8*c**2 + 2*c + 3. Let a(k) = g(k) + 3*s(k). Let i be a(1). What is the units digit of p(i)?
2
Let t(r) = 4*r**2 - 5*r - 8. Let q be t(-5). Suppose 5*y + q = 6*y. Let k = y + -41. What is the tens digit of k?
7
Let x(l) be the first derivative of l**4/4 - 23*l**3/3 + 23*l**2/2 + 2*l + 2641. Let j be -3*(44/6)/(-1). What is the tens digit of x(j)?
2
Let h(l) = 31834 - 630*l**3 - 31827 + l**2 - 3*l + 11*l. What is the tens digit of h(-1)?
3
Let d(o) = -15*o + 14. Let u = -35 + 38. Suppose 8*x + 37 = -u. What is the units digit of d(x)?
9
Let j = -6 + 38. Let g = 36 + j. Let l = 108 - g. What is the tens digit of l?
4
Suppose y + 3*h + 708 = 0, 2*y + 0*y + 2*h + 1420 = 0. What is the tens digit of (y/12 + 0)/(1/(-8))?
7
Let c(u) = 262*u**2 - 75*u - 263. What is the ten thousands digit of c(12)?
3
Let l(s) = 2*s**2 - 11*s + 20. Let t be l(5). Suppose 10*d + 1795 = t*d. Suppose d = 9*y - 694. What is the tens digit of y?
1
Let o(r) = r**3 + r. Let i(q) = -4*q**3 - 44*q**2 - 26*q + 30. Let y(z) = -i(z) - 6*o(z). What is the tens digit of y(22)?
1
Let o(z) = z**3 - 19*z**2 + 16*z + 22. Let p be o(18). Let s(l) = l + 15. Let r be s(p). What is the units digit of 58 + (3 + 1 - r)?
1
Let p(d) = 24800*d - 24. Let b be p(2). Suppose 24*a + 12832 - b = 0. What is the thousands digit of a?
1
Let w(u) = 129*u**2 - 13*u - 16. Suppose 0 = 5*h + 11 + 4. What is the thousands digit of w(h)?
1
Let d(k) = 3*k**2 - 3*k - 3. Let z be d(-1). Suppose 5*t + 33 = -2*w + 288, w - 153 = -z*t. What is the tens digit of (t + 0)*(-3)/(-3)?
5
Let h = -118 - -116. Let q be -177 + -4 + 2 + h. Let y = q + 287. What is the hundreds digit of y?
1
Suppose 5*j = -u - 124, 0 = 5*j - u + 56 + 70. Let n(r) = 84*r + 93. Let q be n(-22). What is the units digit of 1/(-5) + (q/j - 5)?
5
Suppose 3*w = 4*a + 18536, -5*a + 50 - 45 = 0. What is the thousands digit of w?
6
Let w = 17698 + -17458. Suppose 0*z + 2*z = -2*g + 20, -5*g = -2*z + 41. Suppose z*m - w = 8*m. What is the tens digit of m?
4
Let z(t) = -t**3 + 3*t**2 + 11*t - 3. Let g be z(5). Suppose -g*v = 2*k - 5*k + 2497, -4*k - 4*v = -3356. What is the units digit of k?
5
Suppose -3*f = -2*f + 3*s - 5, 5*s - 3 = f. Suppose -35 = -f*m + 1. Suppose 3*r - 5*o = 113, 5*o - 33 - m = -r. What is the tens digit of r?
4
Let w(t) = -218*t + 3*t - 2 + 8*t + 45. What is the tens digit of w(-2)?
5
Let s be (11 - 1) + 17 + -23. Let m(o) = 6*o**3 - 5*o**2 + 2*o + 16. What is the units digit of m(s)?
8
Suppose 0 = 3*a + 7*j - 3*j - 17, 0 = -2*a + 3*j. What is the hundreds digit of (-63916)/(-114) + (-2)/a?
5
Let u(o) = -98*o + 82. What is the thousands digit of u(-12)?
1
Suppose -4*t = -o + 3906, -12*o = -7*o + 5*t - 19430. What is the tens digit of o?
9
Let x = 464 - 385. Suppose 387 = 80*s - x*s. What is the units digit of s?
7
Suppose -4*t = -d - 36, 3*t - 4*d = -0*d + 40. Let x(h) = -2*h**3 - 4*h**2 + h - 2. Let o be x(-4). Suppose -t*i = -7*i - o. What is the tens digit of i?
5
Suppose 0 = p - 8, 48710 = 4*l + 12*p - 125914. What is the hundreds digit of l?
6
Let a = 402 + -44. Let h = -251 + a. What is the units digit of h?
7
Suppose 5*l + 203 = 2*f, 5*f - 416 = 3*l + 82. Suppose -3*s - k + 159 = 0, f = 2*s + 4*k - k. What is the tens digit of s?
5
Let n be 7/(-2)*2*(8 + -9). What is the tens digit of (-60 - -759) + n/(-1)?
9
Suppose 2*y + 2 = -0*y, 1 = j + y. Let h(u) = -2*u - 2 + 1 + 8*u. What is the units digit of h(j)?
1
Suppose 1508*w - 1510*w = -73104. What is the hundreds digit of w?
5
Suppose -70*d + 72*d - 6 = 0. Suppose d*i = -0*i + 12. Suppose 2*a - 143 = -5*r + 5*a, -i*r + 4*a = -116. What is the units digit of r?
8
What is the tens digit of 1/(4/63692*1)?
2
Suppose 4*j = 8, 6*u - 3*u - 14 = -j. Let y = -1 + u. Suppose m - 2*c - 111 = 0, -y*c - 439 = -m - 3*m. What is the units digit of m?
9
Let q(o) = 50*o**2 - 43*o + 867. What is the thousands digit of q(15)?
1
Suppose 0*b + 36 = 12*b. Suppose b*q + 2*n = -28, 4*q - 4*n - 2 = -6. What is the units digit of (q/2)/3*(-77 + 1)?
6
Suppose 5*d - 4*x = -41, d + x + 37 = -3*d. What is the units digit of ((-246)/d)/((-2)/(-6))?
2
Suppose 10*w = 5*k + 8*w - 14748, 5*w + 8864 = 3*k. What is the units digit of k?
8
Let t be 29/4*(-8)/2. Let x = t - -32. Suppose -4*a + x*l + 221 = 0, 5*a = -5*l + 244 + 41. What is the units digit of a?
6
Let g = -4167 - -12777. What is the units digit of g?
0
Let x = -16 + 2. Let r = 28 - x. What is the units digit of r?
2
Suppose -2*x = -17 - 13. Suppose -x = 5*l, -t = -2*t - 5*l - 74. Let f = t + 121. What is the tens digit of f?
6
Let p(d) = 3*d + 4. Let n be p(-2). What is the tens digit of (153 - 2)/(n + 3)?
5
Let f(v) = 2*v**3 + 7*v**2 + 2*v + 3. Let u(j) = 9*j**3 + 36*j**2 + 9*j + 14. Let g(w) = 11*f(w) - 2*u(w). What is the hundreds digit of g(4)?
3
Let u be (-12)/60 - 8/10. What is the hundreds digit of ((-42 - -5)*3)/u?
1
Suppose 11*n + 96404 = 2*j + 15*n, n + 96424 = 2*j. What is the tens digit of j?
1
Suppose 3*o - 5*y - 292 = 0, 2*o + 57 = -2*y + 257. Let i = o - -5. Let h = i + -29. What is the tens digit of h?
7
Let w(s) = -25*s**2 + 9*s - 4 + 33*s**2 - 2*s**3 + s**3 + 0*s**3. Let d be w(9). What is the units digit of (-1 - -2)/(-1) - d?
3
What is the tens digit of (-30 - -32)*6*99/12?
9
Suppose 73*u = 65*u. Suppose -5*t + 41 + 3669 = u. What is the hundreds digit of t?
7
Let k be 5 + -1 + 4 + -3. Suppose -k*g - 607 = 4*n, g + 2*n + 482 = -3*g. Let b = 12 - g. What is the hundreds digit of b?
1
Let m(r) = r - 6. Let q be m(6). Suppose 9*h + 3 + 6 = q. What is the tens digit of (-1337)/(-13) - h/26*4?
0
Let k(d) = d**2 + 11*d - 1019. Let p be k(0). Let a = p - -1798. What is the units digit of a?
9
Let y = 72 - 57. Suppose -9*k + y = -3. Suppose 5*r - 120 = -l, -r - k*l = -6*r + 120. What is the tens digit of r?
2
Let m(r) = 73*r**2 + 9*r + 4. Let w = -134 + 137. What is the tens digit of m(w)?
8
Suppose -u + 4 - 10 = 0. Let j be 108/90*(-100)/u. What is the units digit of 1 + (-4)/j*-5?
2
Let w(c) = -c**3 - 2*c**2 + 10*c + 2. Let j be w(-4). Let i(r) = -10*r - 51. Let x be i(j). Suppose x*l - 1043 = -89. What is the h